 what is -153a - 1088?
-2617
In base 7, what is -5 - 212304?
-212312
In base 9, what is 6030 - 15?
6014
In base 4, what is -1 + -2220111?
-2220112
In base 2, what is -101001 - -11111100?
11010011
In base 4, what is -133 + -1003231?
-1010030
In base 16, what is 305f51 - 1?
305f50
In base 3, what is 1 + -1221021221?
-1221021220
In base 6, what is -1 - 1553144?
-1553145
In base 4, what is -3 + -310232101?
-310232110
In base 3, what is 1 - 101021222102?
-101021222101
In base 13, what is -8b22 + -150?
-8c72
In base 7, what is -1111366 - 2?
-1111401
In base 10, what is -33271 + 18?
-33253
In base 7, what is 333400 + -1?
333366
In base 5, what is -2 - -2344?
2342
In base 15, what is 9 + -124e?
-1245
In base 4, what is 1113 - -10000120?
10001233
In base 14, what is -13 + 35c?
349
In base 5, what is 3 - -3341012?
3341020
In base 7, what is -30 - 1563254?
-1563314
In base 8, what is -24 + -11012?
-11036
In base 12, what is 9a736 + 8?
9a742
In base 8, what is -2362720 - -3?
-2362715
In base 9, what is -36764 + -4?
-36768
In base 12, what is 5 + 2a898?
2a8a1
In base 5, what is 3024202 - -2?
3024204
In base 6, what is 1515 + 14?
1533
In base 9, what is -83622 - 3?
-83625
In base 3, what is -2120 + -10220?
-20110
In base 7, what is 5525412 - -6?
5525421
In base 2, what is 100011111101010 - -1111110?
100100001101000
In base 4, what is 23311 + 11?
23322
In base 5, what is 312 - -1142022?
1142334
In base 5, what is -4 - -22000121?
22000112
In base 13, what is 2154 - 4?
2150
In base 8, what is 5252145 + -5?
5252140
In base 9, what is 28 - 50027?
-48888
In base 3, what is 10121210 + -10200?
10111010
In base 15, what is -8 + 41909?
41901
In base 3, what is -12 - 121121212?
-121122001
In base 16, what is -2 - 7aaa4?
-7aaa6
In base 15, what is -d8b52 + 0?
-d8b52
In base 11, what is 5 + 48176?
48180
In base 16, what is -261 + 1b?
-246
In base 14, what is 1348 + 104?
144c
In base 11, what is -3 + -1332?
-1335
In base 16, what is -8 + -576e?
-5776
In base 4, what is -1222202 + -1?
-1222203
In base 11, what is -2 + 89951?
8994a
In base 14, what is -1376 - -3a?
-133a
In base 15, what is -3 + -2c90b?
-2c90e
In base 7, what is 5 + -2120?
-2112
In base 10, what is 41 + -77?
-36
In base 6, what is -3332 + 45?
-3243
In base 16, what is 160 - 50?
110
In base 9, what is 58 + -168537?
-168468
In base 12, what is -11 + 48ab1?
48aa0
In base 15, what is -b + -2b23?
-2b2e
In base 14, what is -7 + -3d1d?
-3d26
In base 11, what is 83 + 48a?
562
In base 8, what is 1 - 127642?
-127641
In base 5, what is 4142011 - 4?
4142002
In base 9, what is 187 + -706?
-508
In base 16, what is -52 + 10f?
bd
In base 8, what is -131 - -7524?
7373
In base 14, what is 5 + 96d?
974
In base 14, what is 31 + 297b?
29ac
In base 6, what is 103530044 + 1?
103530045
In base 9, what is 111 + -10275?
-10164
In base 13, what is 6c83 - 1?
6c82
In base 13, what is 22 - 39?
-17
In base 4, what is 33310012 + 2?
33310020
In base 16, what is 1e374 + 2?
1e376
In base 11, what is -200a413 - -5?
-200a409
In base 5, what is 44 + -100?
-1
In base 10, what is 55 - 1211?
-1156
In base 8, what is 40322 + 7?
40331
In base 3, what is 1 - -120010100?
120010101
In base 12, what is -3 + -3876?
-3879
In base 14, what is a44 + b1?
b15
In base 13, what is -4 - -4593b?
45937
In base 11, what is -5 + -84a07?
-84a11
In base 6, what is -11310521 + -14?
-11310535
In base 10, what is 306375 - 2?
306373
In base 16, what is -2 + -882?
-884
In base 16, what is -52d00 + 5?
-52cfb
In base 4, what is 322130232 + -13?
322130213
In base 13, what is 4 - 24b322?
-24b31b
In base 4, what is 12 + 1222001003?
1222001021
In base 14, what is 1c8 + 21?
209
In base 7, what is 311 + -262?
16
In base 10, what is -7 + -12?
-19
In base 12, what is 323 + -4?
31b
In base 3, what is -11010022 + -101111?
-11111210
In base 8, what is 25066 - -3?
25071
In base 4, what is 132232 + 33?
132331
In base 13, what is 129 + -138?
-c
In base 14, what is -1bb5 - -a?
-1ba9
In base 4, what is 1202211 - 3?
1202202
In base 13, what is -97 - -44?
-53
In base 6, what is 214 - -55024?
55242
In base 10, what is -94 + 494?
400
In base 7, what is -23 - -110230?
110204
In base 14, what is -3ac + -10?
-3bc
In base 16, what is -14f + 44?
-10b
In base 9, what is -7658 - -2?
-7656
In base 8, what is 3 + -22633?
-22630
In base 2, what is -100 - 11110101101110?
-11110101110010
In base 8, what is -2 + 11435?
11433
In base 5, what is 2 - 32242431?
-32242424
In base 15, what is -8b + -c73?
-d0e
In base 9, what is -125326 - -6?
-125320
In base 6, what is 4 + -3513323?
-3513315
In base 10, what is 4 - -18133?
18137
In base 10, what is 2828 - -10?
2838
In base 12, what is 22bb6a - 3?
22bb67
In base 13, what is 588 + 93?
64b
In base 6, what is -514050 + 255?
-513351
In base 9, what is -23180 + 4?
-23175
In base 14, what is -38 - 9d?
-d7
In base 8, what is -1625 - 1220?
-3045
In base 5, what is 1004 + 2441?
4000
In base 11, what is -4384 - -1?
-4383
In base 5, what is -10440 + -4?
-10444
In base 2, what is 101000 - -10000101110010?
10000110011010
In base 6, what is 4541 + -1202?
3335
In base 3, what is 1 - 1011200122?
-1011200121
In base 8, what is 1 + 727?
730
In base 7, what is -6002401 + 3?
-6002365
In base 9, what is 4 + 1387730?
1387734
In base 15, what is -547e0 + 0?
-547e0
In base 2, what is -1011 - -1001001010000011?
1001001001111000
In base 12, what is -4 - 96257?
-9625b
In base 6, what is -11522010 + -2?
-11522012
In base 14, what is -3 + 853a?
8537
In base 6, what is 11350355 + 0?
11350355
In base 12, what is -5 - -644b9?
644b4
In base 2, what is 101011111111 + 101101?
101100101100
In base 16, what is -270 + -d?
-27d
In base 16, what is aa - -89?
133
In base 12, what is -5 - 107?
-110
In base 3, what is 1020002112 - 1?
1020002111
In base 11, what is -1 - -127002?
127001
In base 15, what is -d2 + -3?
-d5
In base 13, what is 164 - 790?
-629
In base 7, what is -1023 - 52013?
-53036
In base 10, what is 9602 - 23?
9579
In base 16, what is -4 - b07df?
-b07e3
In base 10, what is -707 + 271?
-436
In base 9, what is -5 + -250?
-255
In base 13, what is 32528 - 5?
32523
In base 3, what is -2 + 102012100202?
102012100200
In base 16, what is -2034 - 18?
-204c
In base 9, what is -280 + 1070?
680
In base 2, what is 10 + 1100011110101?
1100011110111
In base 10, what is -11572 + -18?
-11590
In base 9, what is -28 - -4622?
4583
In base 10, what is 3874 - -26?
3900
In base 4, what is 23 - -10200221?
10200310
In base 16, what is 2120 - 3?
211d
In base 6, what is -353 - 224000?
-224353
In base 5, what is -10330 + -40402?
-101232
In base 2, what is 1 + -1000101011011010?
-1000101011011001
In base 16, what is -47332 + -2?
-47334
In base 14, what is -4 - 15aa6?
-15aaa
In base 3, what is -101211 - -11012200?
10210212
In base 5, what is -10 - 202101?
-202111
In base 11, what is 51 - -2345?
2396
In base 5, what is 31204 + -320?
30334
In base 7, what is 2403 + -164?
2206
In base 7, what is 4 - 325563?
-325556
In base 5, what is 3 + 1231133?
1231141
In base 10, what is 87 - 40254?
-40167
In base 7, what is -3 + -21422?
-21425
In base 3, what is 2001 + 22121?
101122
In base 5, what is 1 - 22320144?
-22320143
In base 12, what is -61 - -42a?
389
In base 15, what is -7397 - -28?
-736e
In base 11, what is -3 - 10a242?
-10a245
In base 4, what is -220 - 23210?
-30030
In base 6, what is -2 + -11554353?
-11554355
In base 3, what is -111212201 - -1010?
-111211121
In base 10, what is 367 + -1147?
-780
In base 8, what is -66 - 2227?
-2315
In base 7, what is -2540 + -6?
-2546
In base 14, what is -7 - 1a4?
-1ab
In base 2, what is 10011110000101 - 1001?
10011101111100
In base 9, what is 151236 + 30?
151266
In base 2, what is -1111010011001011000000 - 10?
-1111010011001011000010
In base 10, what is -81763 + 9?
-81754
In base 6, what is 2033551 - -10?
2034001
In base 10, what is 22 + 3976?
3998
In base 6, what is 103 - -440?
543
In base 4, what is 11202 - 3033?
2103
In base 14, what is 14a1 - 64?
143b
In base 14, what is 4 - -758a?
7590
In base 6, what is -5 + 200314?
200305
In base 15, what is 9760 + -4?
975b
In base 9, what is -186057 - 2?
-186060
In base 9, what is 20420 + 25?
20445
In base 15, what is -5 + c0076?
c0071
In base 4, what is 200 + -1001203?
-1001003
In base 3, what is 111 - -1111111202?
1111112020
In base 13, what i